
5, 17, 19, 23, 397
What are the prime factors of 633898?
2, 151, 2099
List the prime factors of 1354920.
2, 3, 5, 7, 1613
What are the prime factors of 240548?
2, 7, 11, 71
List the prime factors of 1376779.
17, 109, 743
List the prime factors of 459816.
2, 3, 7, 17, 23
What are the prime factors of 9714055?
5, 13, 17, 59, 149
What are the prime factors of 4095921?
3, 1365307
List the prime factors of 24453649.
11, 2223059
What are the prime factors of 3885988?
2, 23, 42239
What are the prime factors of 171706?
2, 85853
List the prime factors of 23248564.
2, 61, 151, 631
List the prime factors of 266308.
2, 7, 9511
What are the prime factors of 508408?
2, 103, 617
What are the prime factors of 8156920?
2, 5, 61, 3343
What are the prime factors of 85350?
2, 3, 5, 569
What are the prime factors of 7798668?
2, 3, 397, 1637
What are the prime factors of 28383041?
79, 359279
List the prime factors of 9770249.
9770249
List the prime factors of 42768563.
19, 2250977
List the prime factors of 3021290.
2, 5, 41, 7369
List the prime factors of 11764743.
3, 19, 206399
What are the prime factors of 3172792?
2, 7, 53, 1069
What are the prime factors of 5023635?
3, 5, 179, 1871
What are the prime factors of 1771841?
431, 4111
What are the prime factors of 369068?
2, 7, 269
List the prime factors of 4693508.
2, 977, 1201
What are the prime factors of 318533?
37, 8609
What are the prime factors of 2434045?
5, 37, 59, 223
List the prime factors of 77801.
77801
What are the prime factors of 145773?
3, 5399
What are the prime factors of 23335092?
2, 3, 11, 487
What are the prime factors of 6143369?
23, 37, 7219
List the prime factors of 6676.
2, 1669
What are the prime factors of 524169?
3, 139, 419
What are the prime factors of 5720622?
2, 3, 953437
List the prime factors of 11664291.
3, 211, 18427
What are the prime factors of 2874989?
13, 17, 13009
What are the prime factors of 97848?
2, 3, 151
What are the prime factors of 3758302?
2, 1879151
What are the prime factors of 3261295?
5, 379, 1721
What are the prime factors of 85301?
197, 433
List the prime factors of 32129.
19, 89
List the prime factors of 15126029.
1543, 9803
What are the prime factors of 991725?
3, 5, 7, 1889
What are the prime factors of 1160577?
3, 11, 19, 617
List the prime factors of 7153023.
3, 23, 83, 1249
What are the prime factors of 500397?
3, 166799
What are the prime factors of 432059?
432059
What are the prime factors of 1407904?
2, 43997
What are the prime factors of 139043?
17, 8179
What are the prime factors of 105840?
2, 3, 5, 7
List the prime factors of 34885.
5, 6977
What are the prime factors of 7581717?
3, 11, 13, 43, 137
List the prime factors of 1275313.
13, 98101
What are the prime factors of 1872445?
5, 181, 2069
What are the prime factors of 6608935?
5, 23, 101, 569
List the prime factors of 6437998.
2, 7, 19, 24203
What are the prime factors of 80714?
2, 40357
What are the prime factors of 62648?
2, 41, 191
What are the prime factors of 2361392?
2, 11, 13417
List the prime factors of 565293.
3, 188431
List the prime factors of 127383.
3, 42461
What are the prime factors of 954502?
2, 59, 8089
What are the prime factors of 438895?
5, 61, 1439
What are the prime factors of 19682268?
2, 3, 1640189
List the prime factors of 247162.
2, 123581
What are the prime factors of 2389510?
2, 5, 43, 5557
What are the prime factors of 1149352?
2, 143669
What are the prime factors of 4239979?
4239979
What are the prime factors of 11664654?
2, 3, 59, 83, 397
What are the prime factors of 22070449?
22070449
List the prime factors of 1931573.
7, 275939
List the prime factors of 271195.
5, 73, 743
What are the prime factors of 3364969?
23, 6361
What are the prime factors of 2760352?
2, 7, 12323
List the prime factors of 34143.
3, 19, 599
What are the prime factors of 1716058?
2, 858029
List the prime factors of 4906578.
2, 3, 293, 2791
What are the prime factors of 27109?
27109
List the prime factors of 633088.
2, 2473
List the prime factors of 2034710.
2, 5, 19, 10709
What are the prime factors of 4288711?
7, 227, 2699
What are the prime factors of 24825887?
613, 40499
What are the prime factors of 1474612?
2, 368653
What are the prime factors of 21672467?
17, 1274851
What are the prime factors of 282288?
2, 3, 5881
What are the prime factors of 610737?
3, 203579
What are the prime factors of 529717?
43, 97, 127
What are the prime factors of 1915783?
971, 1973
What are the prime factors of 159926?
2, 13, 6151
List the prime factors of 26063891.
7, 43, 131, 661
List the prime factors of 4899613.
167, 29339
What are the prime factors of 1528404?
2, 3, 67, 1901
List the prime factors of 175570.
2, 5, 97, 181
List the prime factors of 120486.
2, 3, 43, 467
What are the prime factors of 719890?
2, 5, 193, 373
What are the prime factors of 1486534?
2, 7, 106181
List the prime factors of 195492.
2, 3, 11, 1481
What are the prime factors of 1565782?
2, 782891
List the prime factors of 1730048.
2, 31, 109
What are the prime factors of 204498?
2, 3, 7, 541
List the prime factors of 1564203.
3, 521401
List the prime factors of 2073073.
37, 43, 1303
List the prime factors of 1180130.
2, 5, 7, 23, 733
What are the prime factors of 10891444?
2, 2722861
List the prime factors of 390287.
23, 71, 239
List the prime factors of 5996206.
2, 17, 31, 5689
What are the prime factors of 5894690?
2, 5, 59, 97, 103
What are the prime factors of 183073?
11, 17, 89
What are the prime factors of 2202250?
2, 5, 23, 383
What are the prime factors of 2323769?
7, 331967
What are the prime factors of 236386?
2, 181, 653
What are the prime factors of 1218544?
2, 76159
What are the prime factors of 11519143?
251, 45893
What are the prime factors of 140343?
3, 7, 41, 163
List the prime factors of 11674177.
11674177
What are the prime factors of 3650525?
5, 146021
List the prime factors of 299482.
2, 137, 1093
What are the prime factors of 49508?
2, 12377
What are the prime factors of 1349558?
2, 7, 47, 293
What are the prime factors of 21268065?
3, 5, 7, 13, 15581
List the prime factors of 1791059.
37, 48407
What are the prime factors of 3342963?
3, 13, 85717
What are the prime factors of 14496196?
2, 11, 13, 25343
What are the prime factors of 9571695?
3, 5, 7, 91159
List the prime factors of 2120193.
3, 235577
What are the prime factors of 5144045?
5, 1028809
List the prime factors of 4840666.
2, 2420333
What are the prime factors of 1441670?
2, 5, 144167
What are the prime factors of 2404183?
107, 22469
What are the prime factors of 1158237?
3, 128693
What are the prime factors of 11775981?
3, 7, 560761
What are the prime factors of 14492?
2, 3623
What are the prime factors of 9833708?
2, 2458427
List the prime factors of 3123961.
19, 164419
What are the prime factors of 6104373?
3, 11, 113, 1637
List the prime factors of 890182.
2, 445091
What are the prime factors of 1403231?
17, 197, 419
What are the prime factors of 14708644?
2, 67, 71, 773
What are the prime factors of 6528685?
5, 19, 3617
What are the prime factors of 2835540?
2, 3, 5, 59, 89
List the prime factors of 192197.
71, 2707
What are the prime factors of 2965682?
2, 419, 3539
List the prime factors of 4667882.
2, 19, 122839
What are the prime factors of 8219146?
2, 13, 24317
List the prime factors of 10385909.
193, 53813
List the prime factors of 482328.
2, 3, 7, 11, 29
What are the prime factors of 754776?
2, 3, 11, 953
What are the prime factors of 248097?
3, 82699
What are the prime factors of 7719832?
2, 313, 3083
What are the prime factors of 10652089?
7, 43, 823
What are the prime factors of 6884333?
6884333
What are the prime factors of 132308?
2, 11, 31, 97
What are the prime factors of 272113?
23, 11831
What are the prime factors of 8659271?
2609, 3319
List the prime factors of 22090308.
2, 3, 41, 59, 761
List the prime factors of 338559.
3, 13, 8681
What are the prime factors of 138318?
2, 3, 23053
What are the prime factors of 6454314?
2, 3, 358573
What are the prime factors of 116328?
2, 3, 37, 131
What are the prime factors of 273008?
2, 113, 151
List the prime factors of 1007450.
2, 5, 20149
List the prime factors of 222972.
2, 3, 17, 1093
List the prime factors of 763551.
3, 43, 1973
List the prime factors of 3368776.
2, 19, 37, 599